522)/(-4))/((-37)/(-74))?
7
Suppose -9*w = -18*w - 126. Let i = 158 + w. What is the units digit of i?
4
What is the units digit of ((-2)/3)/((-14)/18249)?
9
Let j(s) = 17*s**2 + 2*s. Let v be j(-1). Let h = 19 - v. Suppose 136 = h*a + 8. What is the units digit of a?
2
Let z = 806 + 401. What is the units digit of z?
7
Let h(k) = 15*k**2 - k - 3. Let j(m) = 7*m**2 - m - 2. Let l(v) = 3*h(v) - 5*j(v). Let d = -3 - -2. What is the units digit of l(d)?
9
Suppose 4*p = y - 4*y + 360, 600 = 5*y - 5*p. Suppose 3*t - y = -2*t. What is the units digit of t?
4
Let q = 237 - 28. What is the hundreds digit of q?
2
Let m be 8/24*18/3. Suppose 3*s + 237 = 3*d, -88 - 49 = -m*d - 5*s. What is the tens digit of d?
7
Suppose -17683 = -123*i + 20447. What is the hundreds digit of i?
3
Suppose -2*n = -46 - 62. Let t = n - 25. What is the units digit of t?
9
Let p = 264 + 1069. What is the units digit of p?
3
Let f = -57 + 187. What is the hundreds digit of f?
1
Suppose -31*j - 8488 = -29754. What is the tens digit of j?
8
Let u(c) = -22*c - 10. Let f(n) = -n**2 + 7*n + 3. Let o be f(8). Let a be u(o). What is the units digit of (-2)/6 - a/(-12)?
8
Let x(g) = 26*g - 68. Let i be (20/(-15))/(4/(-18)). What is the tens digit of x(i)?
8
Suppose 0 = 12*o + 9*o - 8946. What is the tens digit of o?
2
Let a(l) = 75*l**2 + 3*l + 2. Let u be a(-1). Suppose -u = -3*d + 37. What is the units digit of d?
7
Suppose 4*k - 8 = 3*q - 2, 2*q + 3*k + 21 = 0. What is the hundreds digit of (-148)/q*((-9)/(-2) - 0)?
1
Let g = 1 - -1. Let r be (-2)/6*3*g. What is the tens digit of 610/20 - 1/r?
3
Let z = 65 - 69. Let j(a) = a**3 + 6*a**2 + 4*a + 14. What is the tens digit of j(z)?
3
What is the thousands digit of 4/3 - 22/(-9)*708?
1
Suppose -2*j + 5*o - 575 = 0, -2*j + 0*o = -2*o + 590. Let q(x) = x**2 - 3*x - 11. Let m be q(5). What is the units digit of m/(-3*(-5)/j)?
0
Let b(c) = -29*c + 28. Let u be b(-14). Let n = u - 78. What is the hundreds digit of n?
3
Let t(c) = -c**3 + 8*c**2 + 9*c + 3. Let n be t(9). Suppose n*z + 4 = 3*l + 2*l, 0 = 5*z + 5*l + 20. What is the units digit of z*(80/(-12))/2?
0
Let y be (4/(-5))/(2/(-5)). Suppose -r + 147 = 3*a, -y*r - a = -2*a - 280. Let i = r - 86. What is the units digit of i?
5
Let b(z) = 2*z**2 + 3*z - 5. Suppose 0*y = y + 5. What is the units digit of b(y)?
0
Suppose 138*m + 1044 = 141*m. Let q be (-4)/(-3)*(1 - -2). Suppose -10*p = -q*p - m. What is the tens digit of p?
5
Let z = 625 + -71. What is the hundreds digit of z?
5
Let c(m) = 5*m**2 - m**2 + 11 - 19*m + 34*m. What is the hundreds digit of c(5)?
1
Suppose -z + g + 246 = 0, -4*z + 0*g + 1004 = g. Suppose 0 = 4*r - z - 418. What is the hundreds digit of r?
1
Let u(i) = 6*i**3 - 10*i**2 - 2*i + 37. What is the tens digit of u(7)?
9
Let u be 1 - (-4 - (-1 + -2)). Let k(j) = 3*j**2 - 3*j + 1. What is the units digit of k(u)?
7
Let v(w) = -77*w + 64. What is the tens digit of v(-5)?
4
Suppose 3*i - 789 - 735 = 0. Suppose -5*a + i = 158. What is the tens digit of a?
7
Let v(o) = o + 6. Let p be v(-5). Let t(i) = 4*i + 1. Let z be t(p). Let l(c) = c**2 - 2*c + 5. What is the units digit of l(z)?
0
Let b = 266 - 154. Let o = 247 - b. Suppose -2*k + o = 3*k. What is the tens digit of k?
2
Suppose -z = 4, -4*d - 174 = -2*z + 18. Suppose 0 = -y + 2*y + 71. Let w = d - y. What is the units digit of w?
1
Let q = 2116 - 977. What is the tens digit of q?
3
Let p = 106 - 109. What is the units digit of -69*(p - -2 - 2/(-6))?
6
Suppose -3*h + 2*q + 692 + 296 = 0, 2*h - 646 = -5*q. What is the tens digit of h?
2
Suppose 0 = -5*p, 4*x - 3*p = -0*p - 8. Let d be (1 + 12)/(x/2). Let n(l) = l**2 + 9*l - 4. What is the tens digit of n(d)?
4
Let q = 1374 + -962. What is the tens digit of q?
1
Let d(x) = -170*x**3 - x - 1. What is the hundreds digit of d(-2)?
3
Let g be (38/4)/((-1)/(-2)). Suppose n - g = -i, -3*n + 3*i = -38 - 37. What is the units digit of n?
2
Let c = 1 + 3. Suppose 5*l = j + 596, -5*l - c*j + 612 = -j. Suppose 5*v + 5 = l. What is the tens digit of v?
2
Suppose 5*b = 20 - 25. Let o be (-156)/4*(-2 - b). Let u = o + 17. What is the units digit of u?
6
What is the units digit of 630 + (8/10)/(3/15)?
4
Let y = 75 + -75. Suppose y = -15*o + 16*o - 149. What is the units digit of o?
9
Suppose 2*k + t + 4 = 3*k, -2*k + 5*t + 14 = 0. Suppose k*u - 326 = -2*u + 5*c, -4*c = -4*u + 324. What is the tens digit of u?
7
Let o = 42 - 38. Suppose 0 = o*s - 20 - 132. What is the tens digit of s?
3
Let s be (-2)/(-5)*(1 + 359). Suppose 4*t = -0*t + s. What is the units digit of t?
6
What is the tens digit of (-318)/265 - 47433/(-15)?
6
Suppose -s + 5 = -11*n + 6*n, -s + 9 = -4*n. Suppose -4*f + 761 = 3*p - 0*p, 5*p = -s. What is the hundreds digit of f?
1
Let f(t) = -4*t - 5*t**2 + 0*t**2 - 2*t + 1 + t**3 + 0*t**2. Let h be f(6). Suppose -5*m + 64 = -h. What is the units digit of m?
3
Suppose -2*z + 12 = -0*g + 4*g, 2*g - 5*z = 18. Let n be (-2 + g)/(1/5). Let y = 2 + n. What is the units digit of y?
2
Suppose 3*i - 3*v + 6 = -0*v, 5*v - 18 = i. Let k(d) = 2*d + d - 7*d + i. What is the units digit of k(-3)?
4
Suppose k + 2*k - 276 = 0. Suppose -2*r = -0*r - k. What is the units digit of r?
6
Let l(f) = -f**2 - 17*f - 9. Let p be l(-16). Let z(t) = 4*t**2 + 7 - 9*t - 2 - 2*t**2. What is the tens digit of z(p)?
4
Let o be ((-10)/25)/((-1)/(82 - 2)). Suppose 0 = -3*q + 22 + o. What is the units digit of q?
8
Let n = 29 - 35. What is the units digit of 184/(-4)*n/4?
9
Let z be 1/((-186)/63 + 3). Let m be 6/z + (-6)/21. Suppose m = 6*t - 452 + 146. What is the tens digit of t?
5
Suppose 2*r = -2*r - 16. Let h(a) = -2*a - 7. What is the units digit of h(r)?
1
Suppose 319*x = 323*x - 2152. What is the units digit of x?
8
Suppose -2*a = 3*a + 120. Let b = -12 - a. Let u(q) = -q**3 + 13*q**2 - 10*q - 4. What is the tens digit of u(b)?
2
Let r(t) = 2*t**2 + 5*t - 9. Let d be r(2). Suppose 6*n + 690 = d*n. What is the units digit of n?
0
What is the tens digit of -4*(-1)/(-4)*-217?
1
Let b be (3 - (-68)/(-16))/((-2)/1096). Suppose 10*z = 5*z + b. What is the units digit of z?
7
Let m(k) = k**2 - 6*k + 3. Let c be m(7). Suppose 12 = -c*t + 6*t. What is the tens digit of 29 + t/6*0?
2
Let p be (-1)/(2*(-5)/(-1110)). Let u = p - -149. What is the tens digit of u?
3
Suppose -6*d - 11 = -7*d. Let y = -1 + d. Suppose 4*p - y*p + 6 = 0. What is the units digit of p?
1
What is the units digit of 518/(-21)*(-3 + -3)?
8
Let m(s) = s**3 - 5*s**2 - s - 16. Let u be m(8). Let p = u - 85. What is the units digit of p?
3
Let h(k) = 133*k + 77. Let r(i) = 7*i + 4. Let o(m) = -4*h(m) + 77*r(m). Let z be o(2). Let q = z - 5. What is the units digit of q?
9
Let w(l) = -2*l**3 + 10*l**2 + l - 44. What is the thousands digit of w(-7)?
1
Suppose -5*h + 4*c + c + 30 = 0, 0 = h + 2*c. Suppose -4*s + h*d = 2*d - 134, -5*d = 2*s - 49. What is the units digit of s?
2
Let s = 4283 - 2563. What is the thousands digit of s?
1
Let v(d) = 7*d**2 + 2*d + 54. What is the hundreds digit of v(-14)?
3
Suppose 0 = 4*u + q - 88, 0 = -2*u - 0*u + q + 38. Suppose 5*s - 16 = s. Suppose -7*j + s*j = -u. What is the units digit of j?
7
Suppose -3*q + q + 973 = 3*p, -q + 5*p = -467. What is the hundreds digit of q?
4
Suppose -2 + 0 = -3*j + 2*u, -3*u = 5*j + 22. Let h be 2/j + 0/9. What is the units digit of 1*(-21 + -2)/h?
3
Let a be 2/5 + (-24)/10 - -9. What is the tens digit of (a/((-105)/(-10)))/(2/51)?
1
Let t = -1669 - -2876. What is the units digit of t?
7
Suppose 3*m + 2*c - 4*c = -14, 2*c + 10 = 0. Let t(x) = x**3 + 8*x**2 - 7*x - 7. What is the units digit of t(m)?
9
Let y = 4 + -3. Let z(u) = -u**3 - u + 27. Let x be z(0). What is the tens digit of x/(-6)*y*-6?
2
Suppose -5*b + n + 3156 = 0, -4*b + n - 1892 = -7*b. What is the units digit of b?
1
Let i(h) = h**2 - 2*h + 9. Let z = -26 + 18. Let d be (-1)/4 + (-50)/z. What is the units digit of i(d)?
3
Suppose -2*p + 5*v = -1891, 4*v + 3200 = 4*p - 612. What is the units digit of p?
8
Let i be 2156/6 - (-10)/15. What is the tens digit of 1*-1 - i/10*-5?
7
Let j = 4 - -8. Let o = j - 10. Suppose -4*n - l = -189, -o*n - 2*l + 5*l + 105 = 0. What is the units digit of n?
8
Suppose -3*r + 861 = 4*t, 0 = -2*r - 3*t + 368 + 205. What is the units digit of r?
1
Suppose 0 = -d - 3*h + 4*h + 2